hest common factor of 480 and 47280?
240
Calculate the greatest common factor of 1 and 7893.
1
Calculate the highest common factor of 4600 and 1625.
25
Calculate the greatest common factor of 187375 and 1499.
1499
Calculate the greatest common factor of 358215 and 429.
429
Calculate the highest common divisor of 15 and 1509.
3
What is the highest common factor of 896 and 11632?
16
What is the highest common factor of 1535 and 922228?
307
What is the highest common divisor of 656 and 40959?
41
Calculate the greatest common factor of 1695 and 2025.
15
What is the greatest common factor of 360 and 34776?
72
Calculate the greatest common factor of 16761 and 15251.
151
Calculate the highest common divisor of 13279 and 3252.
271
Calculate the greatest common factor of 212506 and 56.
14
What is the highest common divisor of 146927 and 722?
361
Calculate the greatest common divisor of 1080 and 13560.
120
Calculate the highest common divisor of 1487265 and 130.
65
Calculate the greatest common factor of 1292 and 9452.
68
Calculate the greatest common factor of 2084 and 115662.
1042
Calculate the highest common factor of 45914 and 154.
22
Calculate the highest common divisor of 103753 and 299.
299
What is the greatest common divisor of 7526 and 99826?
142
Calculate the highest common factor of 17608 and 372.
124
Calculate the highest common factor of 128444 and 326.
326
Calculate the highest common divisor of 30 and 939040.
10
What is the greatest common divisor of 4879 and 28?
7
Calculate the greatest common divisor of 755379 and 2121.
303
What is the highest common factor of 437 and 18563?
19
Calculate the greatest common factor of 627 and 5632.
11
Calculate the greatest common divisor of 76804 and 16.
4
What is the greatest common factor of 2366 and 10178?
14
Calculate the greatest common divisor of 37 and 844.
1
What is the greatest common factor of 6298 and 29234?
94
Calculate the greatest common divisor of 533 and 106887.
41
What is the greatest common divisor of 2700 and 5643?
27
Calculate the highest common divisor of 24 and 39438.
6
Calculate the highest common divisor of 13846 and 9982.
322
What is the greatest common factor of 4979 and 1417?
13
Calculate the greatest common divisor of 65433 and 2550.
51
Calculate the greatest common factor of 87480 and 6750.
270
What is the greatest common factor of 48 and 69196?
4
What is the highest common divisor of 1137 and 224368?
379
What is the greatest common divisor of 16330 and 110?
10
Calculate the highest common divisor of 153581 and 109.
109
What is the highest common factor of 1597875 and 25?
25
Calculate the highest common factor of 1165 and 310822.
233
Calculate the highest common factor of 881472 and 768.
192
Calculate the greatest common divisor of 476114 and 202.
202
What is the highest common factor of 5133 and 2891?
59
Calculate the highest common factor of 4617 and 342.
171
What is the greatest common divisor of 6974 and 154?
22
Calculate the highest common divisor of 40 and 43360.
40
What is the greatest common factor of 56817 and 2655?
531
Calculate the highest common factor of 18 and 13998.
6
What is the greatest common factor of 216121 and 34?
17
What is the highest common divisor of 28149 and 825?
33
What is the greatest common divisor of 40848 and 52?
4
What is the greatest common divisor of 1710 and 26410?
190
What is the highest common factor of 600642 and 686?
98
Calculate the highest common factor of 4904316 and 236.
236
Calculate the highest common divisor of 3839 and 24779.
349
Calculate the highest common divisor of 13622 and 29008.
98
What is the highest common divisor of 8180 and 2043364?
1636
What is the highest common divisor of 6913 and 10927?
223
Calculate the greatest common divisor of 5723 and 220837.
59
What is the greatest common factor of 30 and 7818?
6
Calculate the highest common factor of 31169 and 277009.
439
Calculate the greatest common divisor of 28866 and 850.
34
Calculate the highest common divisor of 1648 and 4017.
103
What is the highest common divisor of 128 and 46208?
128
Calculate the greatest common divisor of 2431121 and 308.
77
What is the greatest common divisor of 260 and 3244?
4
What is the highest common divisor of 98658 and 504?
126
Calculate the highest common divisor of 20664 and 40.
8
What is the highest common factor of 1610 and 76958?
322
Calculate the greatest common factor of 340 and 500.
20
Calculate the highest common factor of 306 and 234.
18
Calculate the greatest common divisor of 966008 and 1904.
136
Calculate the highest common factor of 234 and 2634.
6
Calculate the greatest common factor of 167 and 105377.
167
Calculate the highest common divisor of 994 and 27690.
142
Calculate the highest common factor of 7866 and 81558.
414
What is the greatest common factor of 672 and 8148?
84
Calculate the highest common divisor of 170 and 37502.
34
Calculate the highest common factor of 76 and 28481.
19
Calculate the greatest common factor of 12888 and 360.
72
Calculate the highest common divisor of 20291668 and 2459.
2459
Calculate the highest common divisor of 260243 and 19.
19
What is the highest common divisor of 444 and 3287043?
111
What is the highest common divisor of 47464 and 357?
17
Calculate the greatest common divisor of 75 and 204825.
75
What is the highest common factor of 4743 and 2108?
527
What is the highest common divisor of 10 and 721015?
5
What is the greatest common factor of 72 and 347952?
24
Calculate the highest common divisor of 480637 and 919.
919
What is the highest common divisor of 70 and 110690?
10
Calculate the highest common divisor of 6958 and 10366.
142
Calculate the greatest common factor of 1064749 and 148.
37
What is the greatest common divisor of 82 and 5385760?
82
Calculate the highest common divisor of 305760 and 18.
6
Calculate the greatest common factor of 11594 and 48994.
374
What is the greatest common factor of 31265 and 6845?
185
Calculate the highest common factor of 4 and 57236.
4
Calculate the greatest common factor of 62412 and 372.
12
What is the greatest common factor of 67195 and 18875?
755
What is the highest common factor of 176684 and 4?
4
Calculate the highest common factor of 154395 and 329.
47
Calculate the greatest common divisor of 714 and 456603.
357
What is the highest common factor of 21 and 144561?
3
What is the highest common divisor of 8745867 and 9?
9
What is the highest common factor of 1047 and 800257?
349
Calculate the highest common divisor of 11 and 206459.
11
What is the greatest common divisor of 270 and 265?
5
What is the greatest common factor of 1468 and 524?
4
What is the greatest common factor of 327560 and 76?
76
What is the highest common divisor of 28160 and 55?
55
What is the highest common divisor of 3434 and 306?
34
Calculate the greatest common divisor of 2068913 and 388.
97
What is the greatest common divisor of 108 and 881982?
54
Calculate the highest common factor of 179409 and 948.
237
What is the highest common divisor of 315 and 1218294?
63
Calculate the highest common factor of 179 and 687.
1
What is the greatest common factor of 194 and 55969?
97
Calculate the highest common divisor of 100746 and 66.
6
Calculate the greatest common divisor of 7400 and 317275.
925
What is the highest common divisor of 1641584 and 224?
112
What is the greatest common factor of 11729 and 16484?
317
What is the highest common factor of 39 and 16887?
39
What is the highest common divisor of 5805 and 1075?
215
Calculate the greatest common factor of 216 and 306216.
72
What is the highest common factor of 49342 and 2?
2
Calculate the greatest common divisor of 4631170 and 3020.
1510
Calculate the greatest common factor of 31626 and 2562.
42
What is the greatest common divisor of 7170 and 4170?
30
What is the greatest common factor of 29160 and 1035?
45
What is the greatest common divisor of 50008 and 177688?
1064
Calculate the greatest common divisor of 49427 and 115.
23
What is the highest common divisor of 2260 and 12?
4
Calculate the greatest common divisor of 12 and 37852.
4
What is the highest common factor of 51 and 121601?
17
Calculate the highest common divisor of 204 and 10452.
12
Calculate the highest common divisor of 4229524 and 2994.
998
What is the h